)/(-3). Suppose 0 = -o - 3 - m. Let q(i) = -109*i - 8. Is q(o) composite?
True
Suppose 4*p - 43 = 3*o, 0 = -3*o - 2*p - 23 + 4. Let d be (o/(-12))/((10/16)/(-5)). Let g(y) = -16*y**3 - 10*y**2 - 3*y - 5. Is g(d) composite?
False
Suppose 37*m = 2166 + 2200. Suppose -35*c + m = -33*c. Is c composite?
False
Let w be 9 + -13 - (-919 + 0). Let k = -224 + w. Suppose 5*a - 3*d = -d + k, 286 = 2*a + 4*d. Is a composite?
False
Let q(i) = -21*i**2 - 38*i + 4. Let v be q(-2). Is v/((-16)/4772) + 2 a prime number?
False
Suppose 0 = -6*l + 11*l - 20. Suppose 5*r - 20 = 0, l*q + 4*r - 16476 = 6*r. Is q composite?
True
Let n = 173964 + 36937. Is n a prime number?
True
Suppose q + 4*k - 9827 = 0, -19239 - 29788 = -5*q - 2*k. Is q a composite number?
False
Is ((-74278)/(-8))/((27/1)/1404) a composite number?
True
Let k(b) be the third derivative of 14057*b**5/60 + 7*b**4/24 - 5*b**3/6 + 2*b**2 + 2. Is k(1) composite?
True
Suppose -5*i + 4*t = -24461, -2*i + 4*i + t - 9800 = 0. Is i a composite number?
True
Let j(f) be the first derivative of 4*f**3/3 - f + 5. Let m be j(1). Suppose 0 = 4*p - 3*x - 0*x - 520, 5*p + m*x - 677 = 0. Is p a prime number?
False
Let t(k) = 2*k**3 + 11*k**2 - 47*k - 26. Let p be t(14). Suppose 41030 = 10*y + p. Is y a prime number?
True
Suppose 189*z + 1629643 = -81*z + 113000053. Is z prime?
False
Suppose -p - 119 + 137 = 0. Let h be p/1*(-12)/(-54). Suppose h*v - 2*l - 2*l - 4796 = 0, 3*v = -l + 3581. Is v a prime number?
False
Suppose -c - 4*c + 4 = 3*t, c + 4*t = -6. Let o(s) = s**2 + 2*s. Let x(z) = 159*z**2 + 3*z + 1. Let q(k) = -o(k) + x(k). Is q(c) a prime number?
False
Let k(p) = 5*p**3 - 20*p**2 - 28*p + 41. Is k(10) a prime number?
False
Let l = -1341 + 3601. Let z = -4011 - -2580. Let w = l - z. Is w composite?
False
Is 65637/22 + -2 + 6/4 a prime number?
False
Let x(z) = -z**3 + 5*z**2 - 5*z + 7. Let w be x(-6). Let r(t) = -w + t - 145*t + 430. Is r(-8) a prime number?
False
Let y = -107 + 6211. Suppose 6*m - y = 10*m. Let x = m + 3039. Is x a composite number?
True
Is ((-105)/75 + (-3629392)/20)/(-1 - 0) prime?
False
Suppose 83*a = 8922891 + 5322980. Is a a prime number?
True
Let j be (-4 - 68/(-16))*4*39. Let k(b) = -b**3 + 43*b**2 + b + 94. Is k(j) a prime number?
True
Suppose 4895866 = 35*k - 4860944. Suppose -196*v + k = -178*v. Is v a composite number?
True
Let n be 41/246 + 604346/(-12). Let g = -34329 - n. Is g a composite number?
False
Let z be ((-2)/4*-1)/(15/180). Suppose -9 = b + 4*r, -r = -b - 0*r + z. Is 0 - b - (-22 - 310) composite?
True
Suppose 22 - 10 = -6*r. Is -6*14948/(-8) - r a composite number?
False
Let v(s) = 0*s - 67*s + 22*s + 26. Let y be v(-12). Suppose -w + y = 2*j + 4*w, -5*w = 3*j - 859. Is j a composite number?
False
Is (122566/6)/((-9)/(-27)) prime?
True
Suppose 3267*z - 3266*z + 4*t = 122675, 3*t + 122654 = z. Is z prime?
True
Is 0 - (478/(-4))/((55/(-3170))/(-11)) composite?
True
Let i be (-38)/133 - (-9550)/7. Let r = 874 + -1469. Let x = i + r. Is x a prime number?
True
Let v(u) = -2*u**2 + 15*u - 38. Let g be v(4). Is 5/25 - 4108/g a composite number?
True
Suppose 0 = -4*z - 3*j + 25 - 8, -4*j = -2*z - 8. Suppose -11*m + 36945 = -z*m. Is m a prime number?
False
Let s = -19941 + 58136. Is s composite?
True
Let b(y) = 8*y**2 - 25*y + 19. Let s be 6/(-51) + (-1236)/(-102) - 0. Is b(s) composite?
True
Let o = 216022 - 126981. Is o prime?
True
Suppose 56*u - 794 - 270 = 0. Let h(o) = 12*o + 28 + 25 + 80*o. Is h(u) composite?
False
Suppose -h = -5*m + 12 - 34, -3*h + 18 = -3*m. Suppose -4*n - 2 = -h*n. Is (-341 + -3 + 7)/n a composite number?
False
Suppose 0 = -3*f + 2*f - 1936. Let k(m) = -8*m**2 - 79*m - 15. Let i be k(-18). Let q = i - f. Is q a composite number?
False
Let w(h) = 7*h**2 + 6*h - 29. Suppose 0 = -2*y + 5*v - v - 4, -26 = 3*y - 2*v. Is w(y) a composite number?
False
Let w(o) = 74*o + 98. Let u be w(18). Suppose -u = -2*m + 912. Is m composite?
False
Let l be 5906/6 + (-20)/(-30). Suppose z - 488 = l. Is z a composite number?
True
Suppose -95158 = -27*v + 20*v. Suppose -i = i - v. Is i prime?
False
Let n(m) = -440*m - 78. Let x be n(-12). Let k = x + -2811. Is k a prime number?
False
Let k(u) = 3*u + 8*u**2 - 3*u + 10*u + 52 - 20 - u**3. Suppose -2*y = 3*a + 11 + 14, -a + 54 = -5*y. Is k(y) a composite number?
False
Let i = -71 - -75. Let d be (-1593)/18 - 2/i. Let x = d - -176. Is x a prime number?
False
Let p(r) = r**3 + 10*r**2 + 5. Let z be p(-10). Suppose -v = t - 5*t + 20, z*v + 25 = 5*t. Suppose 4*x + 4*i + 3 - 243 = v, x - 4*i = 35. Is x prime?
False
Suppose -3*n - 203054 = -5*n - 2*v, -5*v = -4*n + 406054. Is n a composite number?
True
Let d = 480976 + -334499. Is d a prime number?
True
Suppose -2*s - 5 = -s + 3*d, -4*s = 3*d - 7. Suppose 5*a = -2*r + 1370 + 7808, 13790 = 3*r - s*a. Is r a prime number?
False
Let w = 29309 + -1713. Suppose -5*y - w = -9*y. Is y a composite number?
False
Let u = 97527 + -53386. Is u prime?
False
Let o(u) = 3*u + 25. Let h be o(-8). Let p be (-119 - h)/(-9 - -8). Let s = p - 37. Is s composite?
False
Suppose 1581605 = 3*j + 4*y, 8*j - 458*y + 457*y = 4217625. Is j a prime number?
True
Let i(o) = -o**2 - o - 1. Let t(k) = 9*k**2 - 132*k - 40. Let f(b) = 6*i(b) + t(b). Is f(-31) prime?
False
Let o(c) = c**3 + 31*c**2 - 82*c + 9. Is o(-19) composite?
True
Suppose -97*a + 2378655 = -52*a. Is a composite?
False
Suppose 0 = 4*d - 32, 9*n - 460827 = 4*n - 4*d. Is n prime?
False
Let u(o) = -o**3 - 25*o**2 - 19*o + 23. Let r = 55 + -81. Let x be u(r). Suppose w + 0*y + y = 235, 0 = 5*w - 4*y - x. Is w a composite number?
True
Let w = 2879 - -8502. Is w a composite number?
True
Let h(a) = 345*a**2 + 36*a - 30. Let o be h(12). Suppose -19*i = -43189 - o. Is i a prime number?
True
Let b(t) = 256*t + 169. Let q(k) = -85*k - 56. Let h(g) = -4*b(g) - 11*q(g). Is h(-29) prime?
True
Let b = -130 + 128. Let a(g) = -3219*g + 1. Is a(b) a composite number?
True
Let l be 13 - (-2 + 2 + -2). Let p(y) = y**2 - 7*y - 47. Let o(m) = 2*m + 1. Let u(b) = -2*o(b) + p(b). Is u(l) a composite number?
False
Let w(l) = 1797*l**3 - 133*l**2 + 997*l - 4. Is w(7) composite?
False
Let t(w) be the first derivative of 9*w**3 + 7*w**2/2 - 2*w - 13. Let x(u) be the first derivative of t(u). Is x(4) a composite number?
False
Suppose -2*q - 2*f - 22 = 0, -2*f = -6*q + 2*q - 38. Let y be (-108)/(-10) + 0 + (-2)/q. Suppose 0 = -6*l + y*l - 3235. Is l a prime number?
True
Let y = -52 - -1. Let s = -51 - y. Is (21 - 19)*(s + 1922/4) a prime number?
False
Let a(k) = 2163*k - 187. Let f be a(-19). Let o = f + 68735. Is o a prime number?
False
Suppose -5*m + 5*b = -484835 - 323160, 5*m - 807995 = -4*b. Is m a composite number?
False
Let c(k) = -8*k**3 + 4*k**2 - 45*k - 248. Is c(-23) a composite number?
True
Let u(a) = 747*a**2 + 55*a - 169. Is u(21) a prime number?
True
Suppose d + 39 = -j, 37 = -d - 4*j + 7. Is (d/4)/(-7)*42648/36 composite?
False
Let j = 13494 + -6995. Is j a prime number?
False
Let k(u) = 949*u**2 + 25*u + 107. Is k(26) prime?
True
Let u = -18324 - -30185. Is u a composite number?
True
Suppose 678 = 2*h + 4*u - 488, -4*u = -5*h + 2957. Let n = -110 + h. Is n composite?
False
Let b(h) = 36915*h - 56. Let o be b(-6). Is (-2)/7 - o/182 composite?
False
Let u = -37 - -289. Let i be 15/6*(-3692)/(-65). Let n = u + i. Is n composite?
True
Suppose -13*v - 4*x + 104 = -5*v, 39 = 3*v - 5*x. Is 3/6*(10535 - v) a composite number?
False
Let n = -10669 + 17949. Suppose 5*o = n + 975. Is o prime?
False
Suppose -17*j + 4595 = -760. Suppose -316*a + j*a = -3383. Is a composite?
True
Let j(s) = -s**2 - 6*s - 6. Let y be j(-6). Let o = 11 + y. Let l(w) = 153*w - 14. Is l(o) a composite number?
False
Suppose 1798111 = 3243*c - 3236*c. Is c a prime number?
True
Let g = 5 - 1. Let d be 1751 + (-12)/g + 2. Suppose -301 = -7*z + d. Is z composite?
False
Let x = 377 - 389. Is (x/(-84))/((-1)/(-27349)) a composite number?
False
Is (-2)/4*(-303365 - -71) a composite number?
True
Suppose 4*s - 35 = -3*n, 3*n + 30 = 8*n + s. Suppose 13921 = j - n*y, -2*y = 4 + 4. Is j composite?
False
Suppose -25*w + 130 = w. Suppose w*f - 6080 = 10035. Is f composite?
True
Let t(f) = f**3 + 15*f**2 - 15*f + 72. Let w be t(-16). Suppose w*p = 32*p + 68856. Is p a composite number?
True
Let t(l) = 3*